on divisor of i and 6.
6
Suppose 57 - 7 = 10*f. Calculate the greatest common divisor of f and 115.
5
Let u(w) = -w + 3. Let x be u(3). Let f = 0 - 3. Let k be (-3)/f*(11 + x). Calculate the greatest common divisor of k and 121.
11
Let a = 10 + 12. What is the greatest common divisor of a and 88?
22
Let n(j) = 3*j - 19. Let s be n(9). What is the greatest common divisor of s and 72?
8
Suppose 0 = 2*i + i - 3*t - 417, 5*t - 157 = -i. Let j = -54 + i. What is the highest common factor of 8 and j?
8
Suppose -16 = 2*n - 76. Calculate the highest common divisor of n and 30.
30
Let g = -14 - -3. Let q be (g/3)/((-4)/(-12)). Let j(p) = -p - 2. Let l be j(q). What is the greatest common divisor of 63 and l?
9
Let m be (-1 - (-1 - -2))*-49. Suppose 2*r - 2*o - 20 = 0, 0 = 3*r - 8*r + 2*o + 62. What is the highest common factor of r and m?
14
Let w be -79*1*(-5 + 3). Suppose 0 = -5*j + w + 82. Let m = 38 + -6. Calculate the highest common divisor of m and j.
16
Suppose -3*b + 101 = -115. What is the highest common factor of b and 18?
18
Suppose z + 15 = 5*x, 5*x + 2*z - 25 = z. Let m = x - 0. Calculate the greatest common factor of 4 and m.
4
Suppose -d - 4*d + 5*n + 255 = 0, d - 5*n - 39 = 0. Calculate the highest common factor of d and 18.
18
Let s be 1/4 - (-202)/(-8). Let g be (-12)/15*s/2. What is the highest common factor of 50 and g?
10
Let w be (-1)/(6/(-24) + 14/88). What is the highest common factor of 33 and w?
11
Suppose -b = -3*i - 2*b + 11, 0 = 3*b + 3. Let d be 5/i*308/11. Calculate the greatest common factor of d and 7.
7
Suppose 0 = 48*h - 50*h + 74. Calculate the highest common factor of 259 and h.
37
Let r be (-393)/(-12) - (-4)/16. What is the greatest common divisor of 165 and r?
33
Suppose -3*i = -v + 42 - 11, 5*i + 39 = v. Calculate the highest common divisor of 133 and v.
19
Let a(d) = d**2 - 4*d - 1. Let p be a(4). Let x = p + 4. What is the greatest common factor of 15 and x?
3
Let x(y) = -27*y - 3. Let h be x(-1). What is the highest common divisor of 3 and h?
3
Let p(h) = 4*h**2 - 4*h + 3. Let k be p(2). Let s = -55 + 5. Let w = 72 + s. Calculate the highest common divisor of k and w.
11
Let c = -119 + 139. What is the highest common divisor of c and 60?
20
Let q(k) = -3*k + 5. Let h(r) = -r + 2. Let b(n) = 9*h(n) - 4*q(n). Let j = -4 - -6. Let s be b(j). Calculate the greatest common factor of 12 and s.
4
Let v = 11 - 3. Let n be v/(-1*(-2)/21). Let j be (20/25)/((-2)/(-30)). What is the greatest common factor of n and j?
12
Suppose 4*q - 4*f - 48 = 0, -q - 24 = -5*q - 2*f. Calculate the highest common divisor of 1 and q.
1
Suppose -10 - 2 = -f. Let a be (-1)/4 - (-183)/f. What is the highest common factor of a and 45?
15
Suppose 296 = 3*w + 44. Suppose -4*a + w = -3*z, 10*z = -5*a + 5*z + 105. Calculate the highest common divisor of a and 3.
3
Suppose 117 = 12*h - 3*h. Calculate the greatest common divisor of h and 26.
13
Suppose -a + 6*a = 5. Suppose -4*z + 59 = 4*s - a, 29 = 2*s + 3*z. Let g = -10 + s. What is the greatest common factor of 6 and g?
6
Let c(w) = -w**2 + 14*w + 12. Let o be c(14). Calculate the greatest common divisor of o and 108.
12
Suppose 0*a = a - 5*u - 104, 326 = 3*a - u. Suppose 0*v + 2*v + 90 = 4*d, 5*d + v - a = 0. Calculate the highest common factor of d and 22.
22
Let f = 8 - 3. Suppose 0 = x + 2*x + 36. Let k be (-5 - x) + 1*-2. What is the greatest common divisor of f and k?
5
Suppose -p + 13 = -3. Let r = 167 + -103. Calculate the greatest common factor of p and r.
16
Suppose 2*h - 5*h = 5*o - 7, 0 = 3*h + o - 23. Let n = -8 + 44. Calculate the highest common divisor of n and h.
9
Suppose m - 3 = -f + 23, -f - 114 = -4*m. Suppose 2*h + y = 5*y + m, 4*y = -3*h + 12. Let p = -97 - -161. Calculate the greatest common divisor of p and h.
8
Let o(w) = w + 16. Let r be o(-12). Suppose -m + 0*m = -267. Suppose m = r*t - 237. Calculate the highest common divisor of 14 and t.
14
Let q = 15 - 10. Let g be ((-5)/3)/(1/(-3)). What is the greatest common divisor of q and g?
5
Suppose 0*b - 44 = -5*x + b, 0 = -3*x - b + 20. Let w be ((-44)/(-3))/(2/12). Calculate the highest common factor of w and x.
8
Let k be (1*80 - 3) + 4. Calculate the greatest common divisor of 54 and k.
27
Suppose 5*o + t = 92, 1 = t + 4. Calculate the highest common divisor of o and 95.
19
Let w(u) = 0*u + 0*u + 4*u - u + 1. Let s be w(3). Calculate the greatest common divisor of s and 10.
10
Let t be (-2 - -2)/(1 + 2). Suppose t = a + 1 - 3. Suppose a*u + 13 = 3*u. Calculate the highest common divisor of u and 52.
13
Let z = -134 + 144. Let r be 0 - (-68 + -2)/1. Calculate the greatest common divisor of z and r.
10
Let c(b) = 4*b**2 + b. Let k be c(1). Let a be (-44)/(-3) + k/15. What is the highest common divisor of 5 and a?
5
Suppose 263 = 7*x + 102. Let q(g) = 32*g - 4. Let p be q(3). Calculate the greatest common divisor of x and p.
23
Let g = 119 - -61. Calculate the greatest common factor of g and 36.
36
Suppose 5*b + 2 = 3*t - 0*b, 0 = 5*t + b - 22. Let a be 50/18 - t/(-18). Suppose -5*q - 2 = -27, a*q = 5*z - 255. What is the greatest common factor of 6 and z?
6
Let r(n) = n**2 - 4*n + 7. Suppose 26 + 9 = -5*u. Let q be r(u). Calculate the highest common factor of 12 and q.
12
Let s = -93 - -184. What is the greatest common divisor of 13 and s?
13
Let q = -28 - -44. Calculate the greatest common divisor of 144 and q.
16
Suppose -o + 3 = -2*o, -4*t - o + 17 = 0. Let q = t - 10. Let f be (9/q)/(2/(-10)). What is the greatest common factor of 6 and f?
3
Let v(x) = 2*x**2 + 5*x + 3. Let j be v(-4). Let y = -183 + -59. Let b = y + 407. Calculate the greatest common factor of j and b.
15
Let t(p) = p**3 - 5*p**2 - 5*p. Let d be t(6). Suppose 4*i + f = i + 51, -3*i - 5*f + 39 = 0. What is the greatest common divisor of d and i?
6
Suppose -9*t + 132 = -6*t. Suppose 3*i - 17 = -2*v, 4*i - 10 = -3*v + 14. What is the greatest common factor of t and v?
4
Let y(v) = 26*v**3 + v**2 + v - 1. Let r be y(1). Let p = -13 - -22. Calculate the greatest common divisor of r and p.
9
Let j(q) = -q**2 + 10*q - 6. Let l be j(9). Suppose 3*z + 2*a + 1 = 0, -5*a = -l*z + 7 + 6. What is the greatest common factor of z and 5?
1
Suppose 20 = 2*s - 0. What is the greatest common divisor of 20 and s?
10
Suppose -3*v + 7*v = 5*i - 67, 27 = 3*i + 2*v. Let j = 98 - 54. Calculate the greatest common divisor of i and j.
11
Suppose 0 = -5*a - 17 + 7, 18 = -4*p + 5*a. Let m(f) = f**2 + 6*f - 5. Let u be m(p). Calculate the greatest common divisor of u and 6.
2
Let l = 33 - 27. Let m(x) = 53*x**2 + x. Let i be m(1). Calculate the greatest common factor of i and l.
6
Suppose 5*g + 87 = 2*f, 5*g + 0*g = 5*f - 195. Let m be (-3)/(-6)*(f - 0). Calculate the highest common factor of m and 27.
9
Let q(i) = 3*i - 2. Let k be q(10). Let u be (3/(-2))/(-3)*k. What is the highest common factor of u and 154?
14
Suppose -m + 6 = -2*l - 4, -4*l + 40 = m. What is the greatest common factor of 160 and m?
20
Let y(x) = x**3 - 14*x + 8. Let b be y(5). Calculate the highest common divisor of b and 693.
63
Let u = 64 - 10. Calculate the highest common factor of u and 36.
18
Suppose 0 = 2*y + 6 - 2. Let q be (y + 12/4)*13. What is the highest common factor of q and 78?
13
Let q = -128 - -162. What is the highest common factor of q and 374?
34
Suppose -b = -x - 0*b + 11, 5*x + 4*b - 28 = 0. Let v = x + -4. Calculate the highest common factor of 36 and v.
4
Let t(b) = b**3 + 7*b**2 - 5*b - 7. Let g = 6 - 13. Let z be t(g). Suppose -92 = -4*s + 20. Calculate the greatest common factor of s and z.
28
Suppose -3*y = -43 - 11. Let q be (220/6)/(y/27). Let o(c) = c**2 + c + 2. Let s be o(-5). What is the greatest common factor of s and q?
11
Let p(l) = l**2 - 7*l + 1. Let s(d) = d + 3. Let q be s(4). Let r be p(q). What is the highest common divisor of r and 1?
1
Let z be -60*(-7)/(105/10). What is the highest common factor of 20 and z?
20
Suppose 8*f = 3*f - 2*x + 170, 175 = 5*f + 3*x. What is the highest common factor of f and 96?
32
Suppose 2*f - 3*k - k + 20 = 0, -3*f - 4*k = 10. Let c be -3*(128/f)/4. Let a be (60/c)/((-3)/(-8)). Calculate the highest common divisor of a and 5.
5
Let r(v) = 117*v**3. Suppose -7 = 5*t - 12. Let g be r(t). Calculate the highest common factor of 13